{"id":6512,"date":"2025-06-10T23:12:15","date_gmt":"2025-06-11T05:12:15","guid":{"rendered":"https:\/\/colegiosadec.org\/site\/?page_id=6512"},"modified":"2026-01-05T08:37:38","modified_gmt":"2026-01-05T14:37:38","slug":"kids-camp-cartago","status":"publish","type":"page","link":"https:\/\/colegiosadec.org\/site\/kids-camp-cartago\/","title":{"rendered":"KIDS CAMP CARTAGO"},"content":{"rendered":"\t\t<div data-elementor-type=\"wp-page\" data-elementor-id=\"6512\" class=\"elementor elementor-6512\" data-elementor-post-type=\"page\">\n\t\t\t\t<div class=\"elementor-element elementor-element-d9469bb e-flex e-con-boxed e-con e-parent\" data-id=\"d9469bb\" data-element_type=\"container\" data-e-type=\"container\">\n\t\t\t\t\t<div class=\"e-con-inner\">\n\t\t\t\t<div class=\"elementor-element elementor-element-56b8f77 elementor-widget elementor-widget-heading\" data-id=\"56b8f77\" data-element_type=\"widget\" data-e-type=\"widget\" data-widget_type=\"heading.default\">\n\t\t\t\t<div class=\"elementor-widget-container\">\n\t\t\t\t\t<h3 class=\"elementor-heading-title elementor-size-default\">KIDS CAMP CARTAGO<br>LOS ANGELES<\/h3>\t\t\t\t<\/div>\n\t\t\t\t<\/div>\n\t\t\t\t\t<\/div>\n\t\t\t\t<\/div>\n\t\t<div class=\"elementor-element elementor-element-80260a2 e-flex e-con-boxed e-con e-parent\" data-id=\"80260a2\" data-element_type=\"container\" data-e-type=\"container\">\n\t\t\t\t\t<div class=\"e-con-inner\">\n\t\t\t\t<div class=\"elementor-element elementor-element-63af530 elementor-widget elementor-widget-text-editor\" data-id=\"63af530\" data-element_type=\"widget\" data-e-type=\"widget\" data-widget_type=\"text-editor.default\">\n\t\t\t\t<div class=\"elementor-widget-container\">\n\t\t\t\t\t\t\t\t\t<p style=\"padding-left: 40px;\"><strong>FECHA<\/strong>: Del mi\u00e9rcoles 7 al viernes 23 de enero 2026<\/p><p style=\"padding-left: 40px;\"><strong>LIMITE DE INSCRIPCION:<\/strong>\u00a02 de enero 2026<\/p><p style=\"padding-left: 40px;\"><strong><u>COSTOS<\/u><\/strong><\/p><p style=\"padding-left: 40px;\">KG1: 11.000 por d\u00eda sin alimentaci\u00f3n<\/p><p style=\"padding-left: 40px;\">KG 2 &#8211; KG3 &#8211; OPTs: 13.000 por d\u00eda con alimentaci\u00f3n<\/p><p style=\"padding-left: 40px;\"><strong><u>HORARIO:<\/u><\/strong><\/p><p style=\"padding-left: 40px;\">7.30 a 2.30 (se recibe desde las 6.30)<\/p><p style=\"padding-left: 40px;\"><strong><u>GUARDER\u00cdA<\/u><\/strong>: de 2:30 pm a 5:00 pm<\/p><p style=\"padding-left: 40px;\"><strong><u>Costo:<\/u><\/strong> 3.000 por d\u00eda<\/p><p style=\"padding-left: 40px;\"><strong><u>PAGOS<\/u><\/strong><\/p><p style=\"padding-left: 40px;\">Los pagos se realizan directamente por dep\u00f3sito en el Banco Nacional de Costa Rica.<\/p><p style=\"padding-left: 40px;\">NO SE ACEPTA EFECTIVO<\/p><p style=\"padding-left: 40px;\">Nombre de la cuenta: Asociaci\u00f3n para el Desarrollo Cultural y Educativo<\/p><p style=\"padding-left: 40px;\">C\u00e9dula Jur\u00eddica: 3-002-056316<\/p><p style=\"padding-left: 40px;\">IBAN: CR90 0151 0801 0010 0727 01<\/p><p style=\"padding-left: 40px;\">Cuenta corriente: 100-01-080-007270-3<\/p><p style=\"padding-left: 40px;\">Enviar el comprobante de pago al correo:<a href=\"mailto:t.alvarado@losolmos.org\"> t.alvarado@losolmos.org<\/a><\/p><p style=\"padding-left: 40px;\"><strong><u>ASPECTOS IMPORTANTES PARA TENER EN CUENTA<\/u><\/strong><\/p><ul><li style=\"list-style-type: none;\"><ul><li>La merienda y el almuerzo est\u00e1n incluidos para los ni\u00f1os a partir de KG 2.<\/li><li>Deben traer el bolsito diariamente con una mudada extra y sweater.<\/li><li>Por favor enviar la botella con agua diariamente.<\/li><li>Se solicita puntualidad para el retiro de los ni\u00f1os.<\/li><li>Asisten con ropa particular.<\/li><\/ul><\/li><\/ul>\t\t\t\t\t\t\t\t<\/div>\n\t\t\t\t<\/div>\n\t\t\t\t\t<\/div>\n\t\t\t\t<\/div>\n\t\t\t\t<\/div>\n\t\t","protected":false},"excerpt":{"rendered":"<p>KIDS CAMP CARTAGOLOS ANGELES FECHA: Del mi\u00e9rcoles 7 al viernes 23 de enero 2026 LIMITE DE INSCRIPCION:\u00a02 de enero 2026 COSTOS KG1: 11.000 por d\u00eda sin alimentaci\u00f3n KG 2 &#8211; KG3 &#8211; OPTs: 13.000 por d\u00eda con alimentaci\u00f3n HORARIO: 7.30 a 2.30 (se recibe desde las 6.30) GUARDER\u00cdA: de 2:30 pm a 5:00 pm Costo: [&hellip;]<\/p>\n","protected":false},"author":1,"featured_media":0,"parent":0,"menu_order":0,"comment_status":"closed","ping_status":"closed","template":"","meta":{"_monsterinsights_skip_tracking":false,"_monsterinsights_sitenote_active":false,"_monsterinsights_sitenote_note":"","_monsterinsights_sitenote_category":0,"site-sidebar-layout":"no-sidebar","site-content-layout":"page-builder","ast-site-content-layout":"full-width-container","site-content-style":"default","site-sidebar-style":"default","ast-global-header-display":"","ast-banner-title-visibility":"","ast-main-header-display":"","ast-hfb-above-header-display":"","ast-hfb-below-header-display":"","ast-hfb-mobile-header-display":"","site-post-title":"disabled","ast-breadcrumbs-content":"","ast-featured-img":"disabled","footer-sml-layout":"","ast-disable-related-posts":"","theme-transparent-header-meta":"","adv-header-id-meta":"","stick-header-meta":"","header-above-stick-meta":"","header-main-stick-meta":"","header-below-stick-meta":"","astra-migrate-meta-layouts":"set","ast-page-background-enabled":"default","ast-page-background-meta":{"desktop":{"background-color":"","background-image":"","background-repeat":"repeat","background-position":"center center","background-size":"auto","background-attachment":"scroll","background-type":"","background-media":"","overlay-type":"","overlay-color":"","overlay-opacity":"","overlay-gradient":""},"tablet":{"background-color":"","background-image":"","background-repeat":"repeat","background-position":"center center","background-size":"auto","background-attachment":"scroll","background-type":"","background-media":"","overlay-type":"","overlay-color":"","overlay-opacity":"","overlay-gradient":""},"mobile":{"background-color":"","background-image":"","background-repeat":"repeat","background-position":"center center","background-size":"auto","background-attachment":"scroll","background-type":"","background-media":"","overlay-type":"","overlay-color":"","overlay-opacity":"","overlay-gradient":""}},"ast-content-background-meta":{"desktop":{"background-color":"var(--ast-global-color-5)","background-image":"","background-repeat":"repeat","background-position":"center center","background-size":"auto","background-attachment":"scroll","background-type":"","background-media":"","overlay-type":"","overlay-color":"","overlay-opacity":"","overlay-gradient":""},"tablet":{"background-color":"var(--ast-global-color-5)","background-image":"","background-repeat":"repeat","background-position":"center center","background-size":"auto","background-attachment":"scroll","background-type":"","background-media":"","overlay-type":"","overlay-color":"","overlay-opacity":"","overlay-gradient":""},"mobile":{"background-color":"var(--ast-global-color-5)","background-image":"","background-repeat":"repeat","background-position":"center center","background-size":"auto","background-attachment":"scroll","background-type":"","background-media":"","overlay-type":"","overlay-color":"","overlay-opacity":"","overlay-gradient":""}},"footnotes":""},"class_list":["post-6512","page","type-page","status-publish","hentry"],"_links":{"self":[{"href":"https:\/\/colegiosadec.org\/site\/wp-json\/wp\/v2\/pages\/6512","targetHints":{"allow":["GET"]}}],"collection":[{"href":"https:\/\/colegiosadec.org\/site\/wp-json\/wp\/v2\/pages"}],"about":[{"href":"https:\/\/colegiosadec.org\/site\/wp-json\/wp\/v2\/types\/page"}],"author":[{"embeddable":true,"href":"https:\/\/colegiosadec.org\/site\/wp-json\/wp\/v2\/users\/1"}],"replies":[{"embeddable":true,"href":"https:\/\/colegiosadec.org\/site\/wp-json\/wp\/v2\/comments?post=6512"}],"version-history":[{"count":34,"href":"https:\/\/colegiosadec.org\/site\/wp-json\/wp\/v2\/pages\/6512\/revisions"}],"predecessor-version":[{"id":7679,"href":"https:\/\/colegiosadec.org\/site\/wp-json\/wp\/v2\/pages\/6512\/revisions\/7679"}],"wp:attachment":[{"href":"https:\/\/colegiosadec.org\/site\/wp-json\/wp\/v2\/media?parent=6512"}],"curies":[{"name":"wp","href":"https:\/\/api.w.org\/{rel}","templated":true}]}}